{"id":92,"date":"2025-06-11T06:52:54","date_gmt":"2025-06-11T04:52:54","guid":{"rendered":"http:\/\/localhost\/wordpress\/?page_id=92"},"modified":"2026-02-20T14:39:51","modified_gmt":"2026-02-20T13:39:51","slug":"accueil","status":"publish","type":"page","link":"https:\/\/palestinejecrietonnom.com\/","title":{"rendered":"Accueil"},"content":{"rendered":"\n<p class=\"has-text-color has-link-color has-xx-large-font-size wp-elements-a44739b1f417d2df5ec2aaa4f19fe3ce\" style=\"color:#f11111\"><strong>Palestine, je crie ton nom !<\/strong><\/p>\n\n\n\n<div class=\"wp-block-columns is-layout-flex wp-container-core-columns-is-layout-28f84493 wp-block-columns-is-layout-flex\">\n<div class=\"wp-block-column is-layout-flow wp-block-column-is-layout-flow\">\n<figure class=\"wp-block-image size-full\"><a href=\"https:\/\/palestinejecrietonnom.com\/wp-content\/uploads\/2026\/01\/pjctn2_1.png\"><img loading=\"lazy\" decoding=\"async\" width=\"342\" height=\"510\" src=\"https:\/\/palestinejecrietonnom.com\/wp-content\/uploads\/2026\/01\/pjctn2_1.png\" alt=\"Palestine, je crie ton nom !\" class=\"wp-image-511\" srcset=\"https:\/\/palestinejecrietonnom.com\/wp-content\/uploads\/2026\/01\/pjctn2_1.png 342w, https:\/\/palestinejecrietonnom.com\/wp-content\/uploads\/2026\/01\/pjctn2_1-201x300.png 201w\" sizes=\"auto, (max-width: 342px) 100vw, 342px\" \/><\/a><\/figure>\n<\/div>\n\n\n\n<div class=\"wp-block-column is-layout-flow wp-block-column-is-layout-flow\">\n<figure class=\"wp-block-image size-full\"><a href=\"https:\/\/palestinejecrietonnom.com\/wp-content\/uploads\/2026\/01\/pjctn2_2.png\"><img loading=\"lazy\" decoding=\"async\" width=\"342\" height=\"510\" src=\"https:\/\/palestinejecrietonnom.com\/wp-content\/uploads\/2026\/01\/pjctn2_2.png\" alt=\"Palestine je crie ton nom\" class=\"wp-image-517\" srcset=\"https:\/\/palestinejecrietonnom.com\/wp-content\/uploads\/2026\/01\/pjctn2_2.png 342w, https:\/\/palestinejecrietonnom.com\/wp-content\/uploads\/2026\/01\/pjctn2_2-201x300.png 201w\" sizes=\"auto, (max-width: 342px) 100vw, 342px\" \/><\/a><\/figure>\n<\/div>\n\n\n\n<div class=\"wp-block-column is-layout-flow wp-block-column-is-layout-flow\">\n<p class=\"has-text-align-center\" style=\"padding-top:0;padding-bottom:0\"><em>\u00ab&nbsp;<\/em>Un peuple aux mains nues \u2013 le peuple palestinien \u2013 est en train de se faire massacrer. Une arm\u00e9e le tient en otage. Pourquoi&nbsp;? Quelle cause d\u00e9fend ce peuple et que lui oppose-t-on&nbsp;? J\u2019affirme que cette cause est juste et sera reconnue comme telle dans l\u2019histoire.<\/p>\n\n\n\n<p class=\"has-text-align-center\" style=\"padding-top:0;padding-bottom:0\">Aujourd\u2019hui r\u00e8gne un silence complice, en France, pays des droits de l\u2019homme et dans tout un Occident am\u00e9ricanis\u00e9. Je ne veux pas me taire. Je ne veux pas me r\u00e9signer. Malgr\u00e9 le d\u00e9sert estival, je veux crier fort pour ces voix qui se sont tues et celles que l\u2019on ne veut pas entendre. L\u2019histoire jugera mais n\u2019effacera pas le saccage. Saccage des vies, saccage d\u2019un peuple, saccage des innocents. Le monde n\u2019a-t-il pas esp\u00e9r\u00e9 que la Shoah marquerait la fin d\u00e9finitive de la barbarie&nbsp;?&nbsp;\u00bb<\/p>\n\n\n\n<p class=\"has-text-align-center\">Gis\u00e8le Halimi<br>28 juillet 2014<\/p>\n<\/div>\n<\/div>\n\n\n\n<div class=\"wp-block-columns is-layout-flex wp-container-core-columns-is-layout-28f84493 wp-block-columns-is-layout-flex\">\n<div class=\"wp-block-column is-layout-flow wp-block-column-is-layout-flow\">\n<div class=\"wp-block-buttons alignfull is-content-justification-left is-layout-flex wp-container-core-buttons-is-layout-eb1e7e18 wp-block-buttons-is-layout-flex\" style=\"margin-top:0;margin-bottom:0;padding-right:var(--wp--preset--spacing--50);padding-left:var(--wp--preset--spacing--50)\">\n<div class=\"wp-block-button\"><a class=\"wp-block-button__link wp-element-button\" href=\"https:\/\/palestinejecrietonnom.com\/?product=palestine-je-crie-ton-nom\">D\u00e9couvrir<\/a><\/div>\n<\/div>\n<\/div>\n<\/div>\n\n\n\n<p><\/p>\n\n\n\n<p><\/p>\n\n\n\n<p class=\"has-medium-font-size\">                                       Int\u00e9gralit\u00e9 des b\u00e9n\u00e9fices revers\u00e9e aux victimes du g\u00e9nocide en cours en Palestine.<\/p>\n\n\n\n<p><\/p>\n","protected":false},"excerpt":{"rendered":"<p>Palestine, je crie ton nom ! \u00ab&nbsp;Un peuple aux mains nues \u2013 le peuple palestinien \u2013 est en train de se faire massacrer. Une arm\u00e9e le tient en otage. Pourquoi&nbsp;? Quelle cause d\u00e9fend ce peuple et que lui oppose-t-on&nbsp;? J\u2019affirme que cette cause est juste et sera reconnue comme telle dans l\u2019histoire. Aujourd\u2019hui r\u00e8gne un [&hellip;]<\/p>\n","protected":false},"author":1,"featured_media":0,"parent":0,"menu_order":0,"comment_status":"closed","ping_status":"closed","template":"page-no-title","meta":{"footnotes":""},"class_list":["post-92","page","type-page","status-publish","hentry"],"_links":{"self":[{"href":"https:\/\/palestinejecrietonnom.com\/index.php?rest_route=\/wp\/v2\/pages\/92","targetHints":{"allow":["GET"]}}],"collection":[{"href":"https:\/\/palestinejecrietonnom.com\/index.php?rest_route=\/wp\/v2\/pages"}],"about":[{"href":"https:\/\/palestinejecrietonnom.com\/index.php?rest_route=\/wp\/v2\/types\/page"}],"author":[{"embeddable":true,"href":"https:\/\/palestinejecrietonnom.com\/index.php?rest_route=\/wp\/v2\/users\/1"}],"replies":[{"embeddable":true,"href":"https:\/\/palestinejecrietonnom.com\/index.php?rest_route=%2Fwp%2Fv2%2Fcomments&post=92"}],"version-history":[{"count":21,"href":"https:\/\/palestinejecrietonnom.com\/index.php?rest_route=\/wp\/v2\/pages\/92\/revisions"}],"predecessor-version":[{"id":577,"href":"https:\/\/palestinejecrietonnom.com\/index.php?rest_route=\/wp\/v2\/pages\/92\/revisions\/577"}],"wp:attachment":[{"href":"https:\/\/palestinejecrietonnom.com\/index.php?rest_route=%2Fwp%2Fv2%2Fmedia&parent=92"}],"curies":[{"name":"wp","href":"https:\/\/api.w.org\/{rel}","templated":true}]}}