{"id":552,"date":"2026-02-06T14:53:24","date_gmt":"2026-02-06T13:53:24","guid":{"rendered":"https:\/\/palestinejecrietonnom.com\/?page_id=552"},"modified":"2026-02-06T14:58:39","modified_gmt":"2026-02-06T13:58:39","slug":"actualites","status":"publish","type":"page","link":"https:\/\/palestinejecrietonnom.com\/?page_id=552","title":{"rendered":"Actualit\u00e9s"},"content":{"rendered":"\n<p class=\"has-x-large-font-size\">Actualit\u00e9s<\/p>\n\n\n\n<p>Le 31 janvier 2026, j&rsquo;ai eu l&rsquo;honneur de rencontrer la pr\u00e9sidente d&rsquo;EuroPalestine, Olivia Z\u00e9mor, que je remercie tr\u00e8s chaleureusement pour sa disponibilit\u00e9 et son soutien.<\/p>\n\n\n\n<figure class=\"wp-block-image aligncenter size-large\"><a href=\"https:\/\/palestinejecrietonnom.com\/wp-content\/uploads\/2026\/02\/20260131_204732-1-scaled.jpg\"><img loading=\"lazy\" decoding=\"async\" width=\"768\" height=\"1024\" src=\"https:\/\/palestinejecrietonnom.com\/wp-content\/uploads\/2026\/02\/20260131_204732-1-768x1024.jpg\" alt=\"\" class=\"wp-image-556\" srcset=\"https:\/\/palestinejecrietonnom.com\/wp-content\/uploads\/2026\/02\/20260131_204732-1-768x1024.jpg 768w, https:\/\/palestinejecrietonnom.com\/wp-content\/uploads\/2026\/02\/20260131_204732-1-225x300.jpg 225w, https:\/\/palestinejecrietonnom.com\/wp-content\/uploads\/2026\/02\/20260131_204732-1-1152x1536.jpg 1152w, https:\/\/palestinejecrietonnom.com\/wp-content\/uploads\/2026\/02\/20260131_204732-1-1536x2048.jpg 1536w, https:\/\/palestinejecrietonnom.com\/wp-content\/uploads\/2026\/02\/20260131_204732-1-600x800.jpg 600w, https:\/\/palestinejecrietonnom.com\/wp-content\/uploads\/2026\/02\/20260131_204732-1-scaled.jpg 1920w\" sizes=\"auto, (max-width: 768px) 100vw, 768px\" \/><\/a><\/figure>\n\n\n\n<p>Elle a rappel\u00e9 l&rsquo;importance du boycott des produits isra\u00e9liens et en particulier le groupe pharmaceutique TEVA. N&rsquo;oubliez pas de coller cet autocollant sur votre carte vitale. Vous pouvez en obtenir en vous rapprochant des organisations BDS de votre ville ou en l&rsquo;imprimant tout simplement. Le pharmacien est dans l&rsquo;obligation de vous d\u00e9livrer, dans les heures qui suivent, les m\u00e9dicaments \u00e9quivalents issus d&rsquo;un autre laboratoire.<\/p>\n\n\n\n<p><strong>Le boycott, \u00e7a marche vraiment ! BDS est d&rsquo;ailleurs l&rsquo;organisation la plus redout\u00e9e et la plus d\u00e9test\u00e9e du r\u00e9gime sioniste.<\/strong><\/p>\n\n\n\n<figure class=\"wp-block-image aligncenter size-large is-resized\"><a href=\"https:\/\/palestinejecrietonnom.com\/wp-content\/uploads\/2026\/02\/20260205_194430-1.jpg\"><img loading=\"lazy\" decoding=\"async\" width=\"920\" height=\"1024\" src=\"https:\/\/palestinejecrietonnom.com\/wp-content\/uploads\/2026\/02\/20260205_194430-1-920x1024.jpg\" alt=\"\" class=\"wp-image-555\" style=\"aspect-ratio:0.8984422436114299;width:231px;height:auto\" srcset=\"https:\/\/palestinejecrietonnom.com\/wp-content\/uploads\/2026\/02\/20260205_194430-1-920x1024.jpg 920w, https:\/\/palestinejecrietonnom.com\/wp-content\/uploads\/2026\/02\/20260205_194430-1-270x300.jpg 270w, https:\/\/palestinejecrietonnom.com\/wp-content\/uploads\/2026\/02\/20260205_194430-1-768x855.jpg 768w, https:\/\/palestinejecrietonnom.com\/wp-content\/uploads\/2026\/02\/20260205_194430-1-1380x1536.jpg 1380w, https:\/\/palestinejecrietonnom.com\/wp-content\/uploads\/2026\/02\/20260205_194430-1-1840x2048.jpg 1840w, https:\/\/palestinejecrietonnom.com\/wp-content\/uploads\/2026\/02\/20260205_194430-1-600x668.jpg 600w\" sizes=\"auto, (max-width: 920px) 100vw, 920px\" \/><\/a><\/figure>\n","protected":false},"excerpt":{"rendered":"<p>Actualit\u00e9s Le 31 janvier 2026, j&rsquo;ai eu l&rsquo;honneur de rencontrer la pr\u00e9sidente d&rsquo;EuroPalestine, Olivia Z\u00e9mor, que je remercie tr\u00e8s chaleureusement pour sa disponibilit\u00e9 et son soutien. Elle a rappel\u00e9 l&rsquo;importance du boycott des produits isra\u00e9liens et en particulier le groupe pharmaceutique TEVA. N&rsquo;oubliez pas de coller cet autocollant sur votre carte vitale. Vous pouvez en [&hellip;]<\/p>\n","protected":false},"author":1,"featured_media":0,"parent":0,"menu_order":0,"comment_status":"closed","ping_status":"closed","template":"page-no-title","meta":{"footnotes":""},"class_list":["post-552","page","type-page","status-publish","hentry"],"_links":{"self":[{"href":"https:\/\/palestinejecrietonnom.com\/index.php?rest_route=\/wp\/v2\/pages\/552","targetHints":{"allow":["GET"]}}],"collection":[{"href":"https:\/\/palestinejecrietonnom.com\/index.php?rest_route=\/wp\/v2\/pages"}],"about":[{"href":"https:\/\/palestinejecrietonnom.com\/index.php?rest_route=\/wp\/v2\/types\/page"}],"author":[{"embeddable":true,"href":"https:\/\/palestinejecrietonnom.com\/index.php?rest_route=\/wp\/v2\/users\/1"}],"replies":[{"embeddable":true,"href":"https:\/\/palestinejecrietonnom.com\/index.php?rest_route=%2Fwp%2Fv2%2Fcomments&post=552"}],"version-history":[{"count":5,"href":"https:\/\/palestinejecrietonnom.com\/index.php?rest_route=\/wp\/v2\/pages\/552\/revisions"}],"predecessor-version":[{"id":563,"href":"https:\/\/palestinejecrietonnom.com\/index.php?rest_route=\/wp\/v2\/pages\/552\/revisions\/563"}],"wp:attachment":[{"href":"https:\/\/palestinejecrietonnom.com\/index.php?rest_route=%2Fwp%2Fv2%2Fmedia&parent=552"}],"curies":[{"name":"wp","href":"https:\/\/api.w.org\/{rel}","templated":true}]}}